{"id":2301,"date":"2018-05-28T18:15:42","date_gmt":"2018-05-28T21:15:42","guid":{"rendered":"http:\/\/vitaimagem.astronauta.cc\/?post_type=medicos&#038;p=2301"},"modified":"2021-03-24T11:54:03","modified_gmt":"2021-03-24T14:54:03","slug":"dr-evandro-costa-rosa","status":"publish","type":"medicos","link":"https:\/\/www.vitaimagem.com.br\/es\/medicos\/dr-evandro-costa-rosa\/","title":{"rendered":"Dr. Evandro Costa Rosa"},"content":{"rendered":"<p>M\u00e9dico Radiologista com 25 anos de experi\u00eancia, Dr. Evandro Costa Rosa \u00e9 formado na Universidade de Juiz de Fora em 1996 e parte integrante da equipe da equipe da <em>Vita.Imagem.<\/em><\/p>\n<h2>Forma\u00e7\u00e3o<\/h2>\n<p>Gradua\u00e7\u00e3o em Medicina pela <a href=\"https:\/\/www2.ufjf.br\/ufjf\/\" target=\"_blank\" rel=\"noopener\">Universidade Federal de Juiz de Fora<\/a> \u2013 MG<\/p>\n<ul>\n<li>1991 a 1997<\/li>\n<\/ul>\n<p>Especializa\u00e7\u00e3o m\u00e9dica em Radiologia pela Funda\u00e7\u00e3o Educacional Lucas Machado, Faculdade de Ci\u00eancias M\u00e9dicas de Minas Gerais realizada na Santa Casa de Belo Horizonte \u2013 MG<\/p>\n<ul>\n<li>1998 a 2001.<\/li>\n<\/ul>\n<p>Especialista em Radiologia e Diagn\u00f3stico por Imagem, realizado pela Associa\u00e7\u00e3o M\u00e9dica Brasileira e Col\u00e9gio Brasileiro de Radiologia e Diagn\u00f3stico por Imagem<\/p>\n<ul>\n<li>2003 a 2004.<\/li>\n<\/ul>\n<h3>Cursos, Congressos e Semin\u00e1rios<\/h3>\n<p>Medico Radiologista com forma\u00e7\u00e3o acad\u00eamica para atua\u00e7\u00e3o em medicina diagn\u00f3stica a saber: Radiologia Geral, Ultra-sonografia, Mamografia e Tomografia Computadorizada<\/p>\n<p>XXIII \u2013 Jornada Ga\u00facha de Radiologia \u2013 Simp\u00f3sio de Enfermagem em Radiologia\u00b4, Membro Efetivo AVR<\/p>\n<ul>\n<li>Per\u00edodo 28 a 30 de junho de 2013.<\/li>\n<\/ul>\n<p>6\u00ba BRADOO \u2013 Congresso Brasileiro de Densitometria Osteoporose e Osteometabolismo<\/p>\n<ul>\n<li>Per\u00edodo de 18 a 20 de abril de 2015 em Curitiba-PR.<\/li>\n<\/ul>\n<p>47\u00ba Congresso Brasileiro de Radiologia e 13\u00ba Congresso da Sociedade Brasileira de Neurorradiologia Diagn\u00f3stica e Terap\u00eautica, realizado de 11 a 13 de outubro de 2018, no Windsor Convention &amp; Expo Center \/ Barra da Tijuca Windsor Oce\u00e2nico, no Rio de Janeiro.<\/p>\n<p>Atualiza\u00e7\u00e3o em Choque Anafil\u00e1tico e Reanima\u00e7\u00e3o Cardiopulmonar em 17\/07\/2019.<\/p>\n<h3>Experi\u00eancia Profissional<\/h3>\n<p>M\u00e9dico radiologista do hospital estadual CGP (Centro Geral de Pediatria) de Belo Horizonte \u2013 MG<\/p>\n<ul>\n<li>1999 \u2013 2000<\/li>\n<\/ul>\n<p>M\u00e9dico radiologista plantonista do Pronto Socorro Geral do Estado de MG Hospital Jo\u00e3o XXIII<\/p>\n<ul>\n<li>Fevereiro a dezembro de 2000<\/li>\n<\/ul>\n<p>M\u00e9dico radiologista do Hospital Prontocl\u00ednica de Passo Fundo \u2013 RS &#8211; janeiro a setembro de 2001<\/p>\n<p>M\u00e9dico radiologista do Centro de Imagem do Hospital Ministro Costa Cavalcanti e Cl\u00ednica de Diagn\u00f3stico por Imagem Vita.imagem em Foz do Igua\u00e7u \u2013 PR<\/p>\n<ul>\n<li>Outubro de 2001 at\u00e9 o momento<\/li>\n<\/ul>\n<h3>Idiomas<\/h3>\n<ul>\n<li>Ingl\u00eas<\/li>\n<\/ul>\n<p>Qualquer d\u00favida ou algo que queira dizer ao Dr. Evandro Costa Rosa, por favor preencha o formul\u00e1rio abaixo que ele te responder\u00e1 em assim que poss\u00edvel. Mais sobre os outros m\u00e9dicos, <a href=\"https:\/\/www.vitaimagem.com.br\/medicos\/\">clique aqui.<\/a><\/p>\n","protected":false},"featured_media":3050,"template":"","tags":[],"class_list":["post-2301","medicos","type-medicos","status-publish","has-post-thumbnail","hentry"],"acf":[],"yoast_head":"<!-- This site is optimized with the Yoast SEO plugin v25.1 - https:\/\/yoast.com\/wordpress\/plugins\/seo\/ -->\n<title>Dr. Evandro Costa Rosa Radiologista Especializado - Vita Imagem<\/title>\n<meta name=\"description\" content=\"Dr. Evandro Costa Rosa \u00e9 radiologista mineiro com mais de 25 anos de experi\u00eancia em radiologia e especializado em diversos exames de imagem\" \/>\n<meta name=\"robots\" content=\"index, follow, max-snippet:-1, max-image-preview:large, max-video-preview:-1\" \/>\n<link rel=\"canonical\" href=\"https:\/\/www.vitaimagem.com.br\/es\/medicos\/dr-evandro-costa-rosa\/\" \/>\n<meta property=\"og:locale\" content=\"es_ES\" \/>\n<meta property=\"og:type\" content=\"article\" \/>\n<meta property=\"og:title\" content=\"Dr. Evandro Costa Rosa Radiologista Especializado - Vita Imagem\" \/>\n<meta property=\"og:description\" content=\"Dr. Evandro Costa Rosa \u00e9 radiologista mineiro com mais de 25 anos de experi\u00eancia em radiologia e especializado em diversos exames de imagem\" \/>\n<meta property=\"og:url\" content=\"https:\/\/www.vitaimagem.com.br\/es\/medicos\/dr-evandro-costa-rosa\/\" \/>\n<meta property=\"og:site_name\" content=\"Vita Imagem\" \/>\n<meta property=\"article:modified_time\" content=\"2021-03-24T14:54:03+00:00\" \/>\n<meta property=\"og:image\" content=\"https:\/\/www.vitaimagem.com.br\/wp-content\/uploads\/2021\/03\/dr-evandro.png\" \/>\n\t<meta property=\"og:image:width\" content=\"600\" \/>\n\t<meta property=\"og:image:height\" content=\"600\" \/>\n\t<meta property=\"og:image:type\" content=\"image\/png\" \/>\n<meta name=\"twitter:card\" content=\"summary_large_image\" \/>\n<meta name=\"twitter:label1\" content=\"Tiempo de lectura\" \/>\n\t<meta name=\"twitter:data1\" content=\"2 minutos\" \/>\n<script type=\"application\/ld+json\" class=\"yoast-schema-graph\">{\"@context\":\"https:\/\/schema.org\",\"@graph\":[{\"@type\":\"WebPage\",\"@id\":\"https:\/\/www.vitaimagem.com.br\/es\/medicos\/dr-evandro-costa-rosa\/\",\"url\":\"https:\/\/www.vitaimagem.com.br\/es\/medicos\/dr-evandro-costa-rosa\/\",\"name\":\"Dr. Evandro Costa Rosa Radiologista Especializado - Vita Imagem\",\"isPartOf\":{\"@id\":\"https:\/\/www.vitaimagem.com.br\/es\/#website\"},\"primaryImageOfPage\":{\"@id\":\"https:\/\/www.vitaimagem.com.br\/es\/medicos\/dr-evandro-costa-rosa\/#primaryimage\"},\"image\":{\"@id\":\"https:\/\/www.vitaimagem.com.br\/es\/medicos\/dr-evandro-costa-rosa\/#primaryimage\"},\"thumbnailUrl\":\"https:\/\/www.vitaimagem.com.br\/wp-content\/uploads\/2021\/03\/dr-evandro.png\",\"datePublished\":\"2018-05-28T21:15:42+00:00\",\"dateModified\":\"2021-03-24T14:54:03+00:00\",\"description\":\"Dr. Evandro Costa Rosa \u00e9 radiologista mineiro com mais de 25 anos de experi\u00eancia em radiologia e especializado em diversos exames de imagem\",\"breadcrumb\":{\"@id\":\"https:\/\/www.vitaimagem.com.br\/es\/medicos\/dr-evandro-costa-rosa\/#breadcrumb\"},\"inLanguage\":\"es\",\"potentialAction\":[{\"@type\":\"ReadAction\",\"target\":[\"https:\/\/www.vitaimagem.com.br\/es\/medicos\/dr-evandro-costa-rosa\/\"]}]},{\"@type\":\"ImageObject\",\"inLanguage\":\"es\",\"@id\":\"https:\/\/www.vitaimagem.com.br\/es\/medicos\/dr-evandro-costa-rosa\/#primaryimage\",\"url\":\"https:\/\/www.vitaimagem.com.br\/wp-content\/uploads\/2021\/03\/dr-evandro.png\",\"contentUrl\":\"https:\/\/www.vitaimagem.com.br\/wp-content\/uploads\/2021\/03\/dr-evandro.png\",\"width\":600,\"height\":600},{\"@type\":\"BreadcrumbList\",\"@id\":\"https:\/\/www.vitaimagem.com.br\/es\/medicos\/dr-evandro-costa-rosa\/#breadcrumb\",\"itemListElement\":[{\"@type\":\"ListItem\",\"position\":1,\"name\":\"Home\",\"item\":\"https:\/\/www.vitaimagem.com.br\/es\/\"},{\"@type\":\"ListItem\",\"position\":2,\"name\":\"Dr. Evandro Costa Rosa\"}]},{\"@type\":\"WebSite\",\"@id\":\"https:\/\/www.vitaimagem.com.br\/es\/#website\",\"url\":\"https:\/\/www.vitaimagem.com.br\/es\/\",\"name\":\"Vita Imagem\",\"description\":\"Tecnologia a Favor da Vida - Foz do Igua\u00e7u - PR\",\"publisher\":{\"@id\":\"https:\/\/www.vitaimagem.com.br\/es\/#organization\"},\"potentialAction\":[{\"@type\":\"SearchAction\",\"target\":{\"@type\":\"EntryPoint\",\"urlTemplate\":\"https:\/\/www.vitaimagem.com.br\/es\/?s={search_term_string}\"},\"query-input\":{\"@type\":\"PropertyValueSpecification\",\"valueRequired\":true,\"valueName\":\"search_term_string\"}}],\"inLanguage\":\"es\"},{\"@type\":\"Organization\",\"@id\":\"https:\/\/www.vitaimagem.com.br\/es\/#organization\",\"name\":\"Vita Imagem\",\"url\":\"https:\/\/www.vitaimagem.com.br\/es\/\",\"logo\":{\"@type\":\"ImageObject\",\"inLanguage\":\"es\",\"@id\":\"https:\/\/www.vitaimagem.com.br\/es\/#\/schema\/logo\/image\/\",\"url\":\"https:\/\/www.vitaimagem.com.br\/wp-content\/uploads\/2019\/05\/logo-da-vita-imagem.png\",\"contentUrl\":\"https:\/\/www.vitaimagem.com.br\/wp-content\/uploads\/2019\/05\/logo-da-vita-imagem.png\",\"width\":1166,\"height\":714,\"caption\":\"Vita Imagem\"},\"image\":{\"@id\":\"https:\/\/www.vitaimagem.com.br\/es\/#\/schema\/logo\/image\/\"}}]}<\/script>\n<!-- \/ Yoast SEO plugin. -->","yoast_head_json":{"title":"Dr. Evandro Costa Rosa Radiologista Especializado - Vita Imagem","description":"Dr. Evandro Costa Rosa \u00e9 radiologista mineiro com mais de 25 anos de experi\u00eancia em radiologia e especializado em diversos exames de imagem","robots":{"index":"index","follow":"follow","max-snippet":"max-snippet:-1","max-image-preview":"max-image-preview:large","max-video-preview":"max-video-preview:-1"},"canonical":"https:\/\/www.vitaimagem.com.br\/es\/medicos\/dr-evandro-costa-rosa\/","og_locale":"es_ES","og_type":"article","og_title":"Dr. Evandro Costa Rosa Radiologista Especializado - Vita Imagem","og_description":"Dr. Evandro Costa Rosa \u00e9 radiologista mineiro com mais de 25 anos de experi\u00eancia em radiologia e especializado em diversos exames de imagem","og_url":"https:\/\/www.vitaimagem.com.br\/es\/medicos\/dr-evandro-costa-rosa\/","og_site_name":"Vita Imagem","article_modified_time":"2021-03-24T14:54:03+00:00","og_image":[{"width":600,"height":600,"url":"https:\/\/www.vitaimagem.com.br\/wp-content\/uploads\/2021\/03\/dr-evandro.png","type":"image\/png"}],"twitter_card":"summary_large_image","twitter_misc":{"Tiempo de lectura":"2 minutos"},"schema":{"@context":"https:\/\/schema.org","@graph":[{"@type":"WebPage","@id":"https:\/\/www.vitaimagem.com.br\/es\/medicos\/dr-evandro-costa-rosa\/","url":"https:\/\/www.vitaimagem.com.br\/es\/medicos\/dr-evandro-costa-rosa\/","name":"Dr. Evandro Costa Rosa Radiologista Especializado - Vita Imagem","isPartOf":{"@id":"https:\/\/www.vitaimagem.com.br\/es\/#website"},"primaryImageOfPage":{"@id":"https:\/\/www.vitaimagem.com.br\/es\/medicos\/dr-evandro-costa-rosa\/#primaryimage"},"image":{"@id":"https:\/\/www.vitaimagem.com.br\/es\/medicos\/dr-evandro-costa-rosa\/#primaryimage"},"thumbnailUrl":"https:\/\/www.vitaimagem.com.br\/wp-content\/uploads\/2021\/03\/dr-evandro.png","datePublished":"2018-05-28T21:15:42+00:00","dateModified":"2021-03-24T14:54:03+00:00","description":"Dr. Evandro Costa Rosa \u00e9 radiologista mineiro com mais de 25 anos de experi\u00eancia em radiologia e especializado em diversos exames de imagem","breadcrumb":{"@id":"https:\/\/www.vitaimagem.com.br\/es\/medicos\/dr-evandro-costa-rosa\/#breadcrumb"},"inLanguage":"es","potentialAction":[{"@type":"ReadAction","target":["https:\/\/www.vitaimagem.com.br\/es\/medicos\/dr-evandro-costa-rosa\/"]}]},{"@type":"ImageObject","inLanguage":"es","@id":"https:\/\/www.vitaimagem.com.br\/es\/medicos\/dr-evandro-costa-rosa\/#primaryimage","url":"https:\/\/www.vitaimagem.com.br\/wp-content\/uploads\/2021\/03\/dr-evandro.png","contentUrl":"https:\/\/www.vitaimagem.com.br\/wp-content\/uploads\/2021\/03\/dr-evandro.png","width":600,"height":600},{"@type":"BreadcrumbList","@id":"https:\/\/www.vitaimagem.com.br\/es\/medicos\/dr-evandro-costa-rosa\/#breadcrumb","itemListElement":[{"@type":"ListItem","position":1,"name":"Home","item":"https:\/\/www.vitaimagem.com.br\/es\/"},{"@type":"ListItem","position":2,"name":"Dr. Evandro Costa Rosa"}]},{"@type":"WebSite","@id":"https:\/\/www.vitaimagem.com.br\/es\/#website","url":"https:\/\/www.vitaimagem.com.br\/es\/","name":"Vita Imagem","description":"Tecnologia a Favor da Vida - Foz do Igua\u00e7u - PR","publisher":{"@id":"https:\/\/www.vitaimagem.com.br\/es\/#organization"},"potentialAction":[{"@type":"SearchAction","target":{"@type":"EntryPoint","urlTemplate":"https:\/\/www.vitaimagem.com.br\/es\/?s={search_term_string}"},"query-input":{"@type":"PropertyValueSpecification","valueRequired":true,"valueName":"search_term_string"}}],"inLanguage":"es"},{"@type":"Organization","@id":"https:\/\/www.vitaimagem.com.br\/es\/#organization","name":"Vita Imagem","url":"https:\/\/www.vitaimagem.com.br\/es\/","logo":{"@type":"ImageObject","inLanguage":"es","@id":"https:\/\/www.vitaimagem.com.br\/es\/#\/schema\/logo\/image\/","url":"https:\/\/www.vitaimagem.com.br\/wp-content\/uploads\/2019\/05\/logo-da-vita-imagem.png","contentUrl":"https:\/\/www.vitaimagem.com.br\/wp-content\/uploads\/2019\/05\/logo-da-vita-imagem.png","width":1166,"height":714,"caption":"Vita Imagem"},"image":{"@id":"https:\/\/www.vitaimagem.com.br\/es\/#\/schema\/logo\/image\/"}}]}},"_links":{"self":[{"href":"https:\/\/www.vitaimagem.com.br\/es\/wp-json\/wp\/v2\/medicos\/2301","targetHints":{"allow":["GET"]}}],"collection":[{"href":"https:\/\/www.vitaimagem.com.br\/es\/wp-json\/wp\/v2\/medicos"}],"about":[{"href":"https:\/\/www.vitaimagem.com.br\/es\/wp-json\/wp\/v2\/types\/medicos"}],"wp:featuredmedia":[{"embeddable":true,"href":"https:\/\/www.vitaimagem.com.br\/es\/wp-json\/wp\/v2\/media\/3050"}],"wp:attachment":[{"href":"https:\/\/www.vitaimagem.com.br\/es\/wp-json\/wp\/v2\/media?parent=2301"}],"wp:term":[{"taxonomy":"post_tag","embeddable":true,"href":"https:\/\/www.vitaimagem.com.br\/es\/wp-json\/wp\/v2\/tags?post=2301"}],"curies":[{"name":"wp","href":"https:\/\/api.w.org\/{rel}","templated":true}]}}

<p>Médico Radiologista com 25 anos de experiência, Dr. Evandro Costa Rosa é formado na Universidade de Juiz de Fora em 1996 e parte integrante da equipe da equipe da <em>Vita.Imagem.</em></p>
<h2>Formação</h2>
<p>Graduação em Medicina pela <a href="https://www2.ufjf.br/ufjf/" target="_blank" rel="noopener">Universidade Federal de Juiz de Fora</a> – MG</p>
<ul>
<li>1991 a 1997</li>
</ul>
<p>Especialização médica em Radiologia pela Fundação Educacional Lucas Machado, Faculdade de Ciências Médicas de Minas Gerais realizada na Santa Casa de Belo Horizonte – MG</p>
<ul>
<li>1998 a 2001.</li>
</ul>
<p>Especialista em Radiologia e Diagnóstico por Imagem, realizado pela Associação Médica Brasileira e Colégio Brasileiro de Radiologia e Diagnóstico por Imagem</p>
<ul>
<li>2003 a 2004.</li>
</ul>
<h3>Cursos, Congressos e Seminários</h3>
<p>Medico Radiologista com formação acadêmica para atuação em medicina diagnóstica a saber: Radiologia Geral, Ultra-sonografia, Mamografia e Tomografia Computadorizada</p>
<p>XXIII – Jornada Gaúcha de Radiologia – Simpósio de Enfermagem em Radiologia´, Membro Efetivo AVR</p>
<ul>
<li>Período 28 a 30 de junho de 2013.</li>
</ul>
<p>6º BRADOO – Congresso Brasileiro de Densitometria Osteoporose e Osteometabolismo</p>
<ul>
<li>Período de 18 a 20 de abril de 2015 em Curitiba-PR.</li>
</ul>
<p>47º Congresso Brasileiro de Radiologia e 13º Congresso da Sociedade Brasileira de Neurorradiologia Diagnóstica e Terapêutica, realizado de 11 a 13 de outubro de 2018, no Windsor Convention &amp; Expo Center / Barra da Tijuca Windsor Oceânico, no Rio de Janeiro.</p>
<p>Atualização em Choque Anafilático e Reanimação Cardiopulmonar em 17/07/2019.</p>
<h3>Experiência Profissional</h3>
<p>Médico radiologista do hospital estadual CGP (Centro Geral de Pediatria) de Belo Horizonte – MG</p>
<ul>
<li>1999 – 2000</li>
</ul>
<p>Médico radiologista plantonista do Pronto Socorro Geral do Estado de MG Hospital João XXIII</p>
<ul>
<li>Fevereiro a dezembro de 2000</li>
</ul>
<p>Médico radiologista do Hospital Prontoclínica de Passo Fundo – RS &#8211; janeiro a setembro de 2001</p>
<p>Médico radiologista do Centro de Imagem do Hospital Ministro Costa Cavalcanti e Clínica de Diagnóstico por Imagem Vita.imagem em Foz do Iguaçu – PR</p>
<ul>
<li>Outubro de 2001 até o momento</li>
</ul>
<h3>Idiomas</h3>
<ul>
<li>Inglês</li>
</ul>
<p>Qualquer dúvida ou algo que queira dizer ao Dr. Evandro Costa Rosa, por favor preencha o formulário abaixo que ele te responderá em assim que possível. Mais sobre os outros médicos, <a href="https://www.vitaimagem.com.br/medicos/">clique aqui.</a></p>

<!-- This site is optimized with the Yoast SEO plugin v25.1 - https://yoast.com/wordpress/plugins/seo/ -->
<title>Dr. Evandro Costa Rosa Radiologista Especializado - Vita Imagem</title>
<meta name="description" content="Dr. Evandro Costa Rosa é radiologista mineiro com mais de 25 anos de experiência em radiologia e especializado em diversos exames de imagem" />
<meta name="robots" content="index, follow, max-snippet:-1, max-image-preview:large, max-video-preview:-1" />
<link rel="canonical" href="https://www.vitaimagem.com.br/es/medicos/dr-evandro-costa-rosa/" />
<meta property="og:locale" content="es_ES" />
<meta property="og:type" content="article" />
<meta property="og:title" content="Dr. Evandro Costa Rosa Radiologista Especializado - Vita Imagem" />
<meta property="og:description" content="Dr. Evandro Costa Rosa é radiologista mineiro com mais de 25 anos de experiência em radiologia e especializado em diversos exames de imagem" />
<meta property="og:url" content="https://www.vitaimagem.com.br/es/medicos/dr-evandro-costa-rosa/" />
<meta property="og:site_name" content="Vita Imagem" />
<meta property="article:modified_time" content="2021-03-24T14:54:03+00:00" />
<meta property="og:image" content="https://www.vitaimagem.com.br/wp-content/uploads/2021/03/dr-evandro.png" />
	<meta property="og:image:width" content="600" />
	<meta property="og:image:height" content="600" />
	<meta property="og:image:type" content="image/png" />
<meta name="twitter:card" content="summary_large_image" />
<meta name="twitter:label1" content="Tiempo de lectura" />
	<meta name="twitter:data1" content="2 minutos" />
<script type="application/ld+json" class="yoast-schema-graph">{"@context":"https://schema.org","@graph":[{"@type":"WebPage","@id":"https://www.vitaimagem.com.br/es/medicos/dr-evandro-costa-rosa/","url":"https://www.vitaimagem.com.br/es/medicos/dr-evandro-costa-rosa/","name":"Dr. Evandro Costa Rosa Radiologista Especializado - Vita Imagem","isPartOf":{"@id":"https://www.vitaimagem.com.br/es/#website"},"primaryImageOfPage":{"@id":"https://www.vitaimagem.com.br/es/medicos/dr-evandro-costa-rosa/#primaryimage"},"image":{"@id":"https://www.vitaimagem.com.br/es/medicos/dr-evandro-costa-rosa/#primaryimage"},"thumbnailUrl":"https://www.vitaimagem.com.br/wp-content/uploads/2021/03/dr-evandro.png","datePublished":"2018-05-28T21:15:42+00:00","dateModified":"2021-03-24T14:54:03+00:00","description":"Dr. Evandro Costa Rosa é radiologista mineiro com mais de 25 anos de experiência em radiologia e especializado em diversos exames de imagem","breadcrumb":{"@id":"https://www.vitaimagem.com.br/es/medicos/dr-evandro-costa-rosa/#breadcrumb"},"inLanguage":"es","potentialAction":[{"@type":"ReadAction","target":["https://www.vitaimagem.com.br/es/medicos/dr-evandro-costa-rosa/"]}]},{"@type":"ImageObject","inLanguage":"es","@id":"https://www.vitaimagem.com.br/es/medicos/dr-evandro-costa-rosa/#primaryimage","url":"https://www.vitaimagem.com.br/wp-content/uploads/2021/03/dr-evandro.png","contentUrl":"https://www.vitaimagem.com.br/wp-content/uploads/2021/03/dr-evandro.png","width":600,"height":600},{"@type":"BreadcrumbList","@id":"https://www.vitaimagem.com.br/es/medicos/dr-evandro-costa-rosa/#breadcrumb","itemListElement":[{"@type":"ListItem","position":1,"name":"Home","item":"https://www.vitaimagem.com.br/es/"},{"@type":"ListItem","position":2,"name":"Dr. Evandro Costa Rosa"}]},{"@type":"WebSite","@id":"https://www.vitaimagem.com.br/es/#website","url":"https://www.vitaimagem.com.br/es/","name":"Vita Imagem","description":"Tecnologia a Favor da Vida - Foz do Iguaçu - PR","publisher":{"@id":"https://www.vitaimagem.com.br/es/#organization"},"potentialAction":[{"@type":"SearchAction","target":{"@type":"EntryPoint","urlTemplate":"https://www.vitaimagem.com.br/es/?s={search_term_string}"},"query-input":{"@type":"PropertyValueSpecification","valueRequired":true,"valueName":"search_term_string"}}],"inLanguage":"es"},{"@type":"Organization","@id":"https://www.vitaimagem.com.br/es/#organization","name":"Vita Imagem","url":"https://www.vitaimagem.com.br/es/","logo":{"@type":"ImageObject","inLanguage":"es","@id":"https://www.vitaimagem.com.br/es/#/schema/logo/image/","url":"https://www.vitaimagem.com.br/wp-content/uploads/2019/05/logo-da-vita-imagem.png","contentUrl":"https://www.vitaimagem.com.br/wp-content/uploads/2019/05/logo-da-vita-imagem.png","width":1166,"height":714,"caption":"Vita Imagem"},"image":{"@id":"https://www.vitaimagem.com.br/es/#/schema/logo/image/"}}]}</script>
<!-- / Yoast SEO plugin. -->

Dr. Evandro Costa Rosa é radiologista mineiro com mais de 25 anos de experiência em radiologia e especializado em diversos exames de imagem

Tecnologia a Favor da Vida - Foz do Iguaçu - PR
